f 7*l**5/60 - l**4/12 - 25*l**2 - 2*l. Determine s(3).
57
Let b(j) = -1 + 197*j + 4*j**2 - 95*j - 1 + 21*j**3 - 20*j**3 - 101*j. Give b(-3).
4
Let s(y) = 5*y + 5. Let o(c) = -4*c - 4. Let v(l) = 4*o(l) + 3*s(l). Determine v(-10).
9
Let f(x) = 5*x + 5. Let d = 465 + -468. Give f(d).
-10
Let i(g) = 3*g - 8. Let n(k) = 5*k - 7. Let z(y) = 3*i(y) - 2*n(y). Determine z(-5).
-5
Let i(l) = -l**2 + 3*l + 1. Suppose 0 = 3*a + 5 - 11. Suppose a*k + 0*k = 16. Let y = -10 + k. What is i(y)?
-9
Let u(l) = l**3 - 7*l**2 + 6*l + 8. Suppose 65 = -4*k + 3*w, 38 = -2*k + 2*w + 4. Let b be k/(-4)*(2 + 2). Let x = b + -8. Calculate u(x).
8
Let r(o) = 6*o + 3181 - 6379 + 3186 - o**3 + 4*o**2. What is r(5)?
-7
Let j(g) be the second derivative of 2*g**3/3 - 3*g**2/2 - 12*g - 2. Let f be 4 + -2 - (1 - 1). Give j(f).
5
Let j(w) be the third derivative of -w**6/120 + w**5/60 + w**4/8 + 2*w**3/3 + 2*w**2. Let v = 16 - 3. Let t = -10 + v. What is j(t)?
-5
Let m = 14 - 18. Let z be (-2 + -1)/(2/m). Let a(k) = -k - 4 + z*k + k - 3*k. Determine a(5).
11
Suppose 0 = 2*w - 3*t + 24, -9 - 11 = -5*t. Let v = w - -5. Let p be (0 - v) + (-48)/6. Let l(k) = -k**3 - 7*k**2 + 3. Calculate l(p).
3
Suppose 5*r + 51 = 5*c + 3*r, -5*c + 57 = r. Let d(s) = -22 + c - s**2 + 8 + 3*s. Let w be 0 + 0 - (-1 + -3). Determine d(w).
-7
Let l(t) be the second derivative of 0 + 3*t**2 - 28*t - 1/3*t**3. Let u be 0 + (-1 + 2)*7. What is l(u)?
-8
Suppose -105*f = -97*f - 32. Let r(y) = 2*y - 6. Determine r(f).
2
Let w(v) = -v**2 - 3*v + 6. Let t be w(-5). Let j(i) = -5*i**2 + 20*i + 28. Let c(x) = 2*x**2 - 7*x - 10. Let o(m) = 8*c(m) + 3*j(m). Give o(t).
4
Let s be (-2)/(-3) - (-1)/(-2). Let l(y) be the second derivative of -1/6*y**3 + 1/20*y**5 - 3/2*y**2 + 0 - s*y**4 - 2*y. Calculate l(3).
3
Let d(g) = 2*g + 0*g + g**3 - 3 + 8 - 5*g**2. Suppose -3*f + 4*v + 22 = 0, -2*v + 38 = 2*f - 0*f. Let o = f - 10. Determine d(o).
-3
Let x be 1/(4/(-4))*(-1)/1. Suppose -6*m + m = -10. Let c(p) = 0*p**3 + 2*p**m + 0*p**3 + p + 0*p**3 - 2*p**3 - x. Give c(2).
-7
Let v(p) = p**2 + 4*p - 2. Suppose -5*m + 67 = -43. Suppose -t = 3*b + 83, 5*t - 105 = 4*b + b. Let r = b + m. Give v(r).
-2
Let y(h) = -h**2 - 3*h + 2. Let i(l) be the second derivative of -l**5/10 + 4*l**4/3 - l**3/6 + 3*l**2/2 + 6*l. Let p be i(8). Calculate y(p).
-8
Let f(b) = 2*b + 38 - 23 - 17. Determine f(2).
2
Let t(f) = 89*f + 15*f**2 - 40*f - 16*f**2 - 48*f + 2. Suppose n + 1 = 2*n. Let s = -1 - n. Give t(s).
-4
Suppose 24*m - 36*m = 96. Let k(c) = -c**2 - 6*c - 2. What is k(m)?
-18
Let m(i) = i**3 + i**2 + i - 1. Let a be m(1). Let k(r) = -3 - r - 6*r**2 + 24*r**a - 7*r**2 - 12*r**2. Suppose z = 6*z. Give k(z).
-3
Let f(u) = 3*u**2 - 5*u - 5. Let p(j) be the third derivative of j**5/30 - j**4/12 - j**3/3 + 6*j**2. Let k(n) = -3*f(n) + 5*p(n). Calculate k(-6).
11
Let t(v) = v**3 + 5*v**2 - 7*v - 7. Let f(a) = -a**3 - 2*a**2 + a - 3. Let c be f(-3). Let o(j) = j**3 - 5*j**2 + 4*j. Let l be o(c). Calculate t(l).
-1
Let m be (-3 - -2)*(1 - 4). Let c(l) = 13*l**2 + 5*l - 7. Let r(z) = -3*z**2 - z + 2. Let x be 16/(-12) - 6/9. Let j(h) = x*c(h) - 9*r(h). What is j(m)?
2
Let p(h) be the second derivative of 3*h**5/10 - h**4/12 + 7*h**3/6 - 5*h**2/2 + 25*h. Let k(s) = -s**3 - s + 1. Let u(z) = -5*k(z) - p(z). Determine u(2).
-8
Let n(i) = i**2 - 4*i - 25. Let o be n(8). Suppose -3*u + o = -2*d - 0*d, -3*d - 8 = -2*u. Let x(t) = 5*t**3 - 1. Calculate x(u).
4
Let m be 0 - -2 - (2 - (-7 - -3)). Let b be -3*(3 + m/12). Let t(p) = p - 1. Let f(l) = -7*l. Let c(o) = f(o) + 5*t(o). Give c(b).
11
Let f(a) be the first derivative of a**4/4 + a + 188. Calculate f(-1).
0
Let m(v) be the first derivative of -2*v + 3/2*v**2 + 2/3*v**3 - 1/4*v**4 - 13. Calculate m(3).
-2
Let l(k) = 50 + 7*k - 55 + k**2 - 2*k**2. Determine l(4).
7
Let q(t) = t**3 + 6*t**2 - 2*t - 6. Let f be 5 + 1 + (-2)/1. Let v be (-26)/f + (-4)/(-8). Determine q(v).
6
Let u(p) = 2*p**2 - 28 - 3*p**2 - 5*p + 23. Suppose 5*h - 3*v + 8 = -0*h, -h - 5*v - 24 = 0. What is u(h)?
-1
Let a(f) = -3*f - 1. Suppose 58*h + 9 = 55*h. Calculate a(h).
8
Suppose 13 = -3*w + 2*h, -2*w + h = 30 - 22. Let d(f) = f**2 + 3. Determine d(w).
12
Let s(f) = 1 - 2*f + f**2 + 0*f**2 - 2. Suppose y + 0*y - 4 = 0. Calculate s(y).
7
Let l be (15 + -5)/(1 - -1). Suppose -j - 2*s = -s - 22, 2*s = -l*j + 116. Let x = 19 - j. Let m(u) = -u**3 - 5*u**2 - u - 1. What is m(x)?
4
Let j(b) be the second derivative of b**4/3 + b**3/6 + 2*b**2 - 11*b. Let r(c) be the first derivative of j(c). Give r(-2).
-15
Let p(d) be the first derivative of -d**2 - d - 2462. Let w be 2/1*(-1)/2. What is p(w)?
1
Suppose 4*r - 5*m + 22 = 0, -2*r + 2*m = -5*r - 5. Let u(g) = 71*g - 3*g**2 - 204*g + 67*g + 4*g**2 + 69*g. Calculate u(r).
0
Let p be 273/(-26)*(-4)/6. Let m(w) be the first derivative of -3*w**2/2 + 4*w - 28. What is m(p)?
-17
Let k(q) = q**3 - 6*q**2 + 3*q + 2. Let z = 28 - 5. Let r be 3 + (3 - 0) + -24. Let t = r + z. Give k(t).
-8
Let c(l) = 2*l**2 + 9*l - 9. Let q(b) = b**2 - 1. Suppose i = 5*z + 4*i - 10, 0 = 2*z - i + 7. Let m(s) = z*c(s) + 3*q(s). Calculate m(6).
-12
Let r(k) = -3*k**2 + k**2 + 4*k**2 - k**2 + k + k**2 - k**3. Give r(2).
2
Let r(z) = -16*z**2 - 15*z + 7. Let c(n) = -n**3 + n**2 + n - 2. Let g(i) = c(i) + r(i). Give g(-14).
5
Let c = -209 - -227. Let l(p) = -p + 15. Determine l(c).
-3
Let o(w) be the second derivative of w**3/6 + 6*w**2 - 5*w. Let y be o(-6). Let d(q) be the first derivative of -q**2/2 + 5*q - 6. Give d(y).
-1
Suppose 8*b + 3 = 3*b + 4*g, 2*g = -3*b - 15. Let o(u) = u**2 + 3*u - 4. Determine o(b).
-4
Let s(p) = -p**3 - 5*p**2 - 3*p + 4. Suppose 16 - 10 = d. Let z be d*((-4)/6 - 0). What is s(z)?
0
Let k(w) be the third derivative of w**4/12 - w**3/2 + 20*w**2. Calculate k(7).
11
Let y(r) = 9*r + 4. Let i(o) = 31*o + 11. Let w(n) = 2*i(n) - 7*y(n). Determine w(-6).
0
Let h(s) be the first derivative of 3*s**3 + s**2/2 - s - 67. Give h(1).
9
Let i(a) = -a + 1. Let m be i(1). Suppose -2*t - 5*o + 9 = 0, -3 = -5*t - o + 8. Suppose -t*f + f = m. Let q(k) = k**2 + k + 2. Calculate q(f).
2
Let m(t) = 3*t - 5*t + 4*t + 3. Let w = 31 + -36. Determine m(w).
-7
Let q be -1 + (7 - 3 - -3). Let o(j) = j**3 - 6*j**2 + j + 4. Calculate o(q).
10
Let n = -109 + 109. Let a(t) = -11 + 5*t + n*t + t**2 - 2*t**2 + 2*t**2. What is a(-8)?
13
Let r(z) = -5*z - 14. Let n(s) = 3*s + 8. Let a(d) = -11*n(d) - 6*r(d). What is a(-7)?
17
Let t(f) = -4*f + 0 - 2*f**2 - 3*f**2 - 2 + 6*f**2. Let n = 2 - -1. Suppose -n = -3*h + 3*b, -6*b + 23 = 5*h - 5*b. What is t(h)?
-2
Let y(o) be the second derivative of -o**4/6 - o**3/6 - 3*o**2/2 + 5*o + 8. What is y(-3)?
-18
Let s(d) = -129*d + 279*d - 137*d - 60. Give s(5).
5
Let g(s) = s + 8. Let j = 26 + -29. Let q be (-2)/5*-5*1*j. Determine g(q).
2
Suppose 4*f - k + 4*k = 22, -4 = f - 4*k. Suppose 1 = 3*i + 2*b - f, 4*b + 15 = -i. Let p(c) = c**3 - 5*c**2 + 1. Give p(i).
1
Let c(z) = -11*z**2 - 6*z + 3. Let q(u) = 4*u**2 + 1. Let x(f) = -c(f) - 3*q(f). Suppose -3*g - 2*g = -25. Determine x(g).
-1
Let x be ((-2)/4)/((-6)/12). Suppose 3*k - 19 = -7. Let i(g) = 6*g**2 + x - k*g**3 - 5*g**2 - 2*g**2. Determine i(1).
-4
Let b(p) = 11*p**2 - 9*p**2 - 4 - 5*p - p**2. Suppose -68*q = -63*q - 25. Give b(q).
-4
Let d(o) = -o**3 - 10*o**2 - 3*o - 17. Let t be ((-11 - -131)/(-6))/2. Give d(t).
13
Let k(y) be the first derivative of -1/3*y**3 + 1/4*y**4 - 1 - 1/2*y**2 - 7*y. Calculate k(0).
-7
Let w(q) be the third derivative of q**6/15 + q**3/6 + q**2. Let p be 4/6 - 50/(-15). Suppose 12 = 4*g, -o - 4*o - p = -3*g. Calculate w(o).
9
Let a = 60 + -11. Suppose -a*t = -45*t - 16. Let x(n) = 43*n - t + 1 - 44*n. Determine x(0).
-3
Suppose -3*d - 7*d = -190. Let z(o) = d*o + 11 - 8*o + o**2 - 16*o - 5*o. Determine z(10).
11
Let y be -4*(-4)/36*(-9)/2. Let z(u) = u**2 - 2*u - 2*u**2 - 1 + 2. Give z(y).
1
Let m(d) = -d**2 - 12*d - 9. Let s be m(-11). Let a(g) = -g**2 - g. Let v(b) = b**3 + 4*b**2 + b + 5. Let p(y) = s*a(y) - v(y). What is p(-5)?
-15
Suppose 5*z = 3*z + 3*m - 14, 5*z = -m - 35. Let t = -38 + 45. Let k(b) = 8*b - 37 - t*b + 40. Give k(z).
-4
Let u be ((-14)/(-84))/(1/6 - 0). Let x(h) = 11*h**3 - 1. What is x(u)?
10
Let s(o) = -10*o**2 + 4*o**3 - 10*o + 2 - 5 - 5*o**3. Give s(-9).
6
Let b(